 z be (-4)/3*6/(-4). Calculate f(z).
2
Suppose -t - 14 = -2*w + 3*t, -w + t + 10 = 0. Let j = w + -15. Let x(z) = z**3 + 3*z**2 + z - 1. What is x(j)?
1
Let a be (8*-1)/(5 - 3). Let i(l) = -5*l**2 - 9*l - 5. Let s(k) = -k**2 - k - 1. Let f(n) = -i(n) + 4*s(n). What is f(a)?
-3
Let d(g) be the first derivative of -g**7/840 + g**6/90 - g**4/8 + 4*g**3 + 23. Let i(u) be the third derivative of d(u). Calculate i(4).
-3
Suppose -11*j + 14*j = i + 5, -2*i = 2*j + 10. Let t(d) = d**2 + d - 1. Let c(w) = -w**3 + 6*w**2 + 6*w - 20. Let l(y) = c(y) - 5*t(y). Determine l(j).
-15
Let g be 10/(-40) + (-375)/(-60). Let o(v) = 7*v - 26. Give o(g).
16
Let q(x) = x + 5. Let v(m) = m**2 - m. Let r be v(4). Suppose -r*u = -13*u. What is q(u)?
5
Suppose 0 = 2*r + 8 - 0, 2*v - r = -4. Let s(u) = -u - u + 98 - 99 + u. Give s(v).
3
Let s be (0 + 1)*3*6. Let q = s - 14. Suppose -2*d = w - 6, -3*d = -0*w - q*w - 20. Let v(g) = -g**3 - 3*g**2 - 2*g - 2. What is v(w)?
-2
Let b(q) = -3*q**2 + 6*q + 10. Let p(a) = 4*a**2 - 4*a - 10. Let n(u) = 3*b(u) + 2*p(u). Give n(9).
19
Let m(o) = -10*o + 2. Let q(s) = -11*s + 3. Let h(y) = -3*m(y) + 2*q(y). What is h(3)?
24
Let a(f) = 3*f**2 - 3*f + 1. Let t(h) = h**2 + 9*h + 22. Let w be t(-7). Let i be w + -7 - 2/2*-1. What is a(i)?
7
Let s = -10 + 14. Suppose -8*u + m = -5*u - 31, s*u - 33 = 3*m. Let d(j) = j**3 - 13*j**2 + 12*j - 7. What is d(u)?
-7
Let a(n) = -n + 11. Let y be a(-4). Let p = y + -22. Let c(j) = j + 4 + 0 + 4 - 3. Determine c(p).
-2
Let g be (-2)/1*(-460)/(-184). Let s(f) = f**3 + 4*f**2 - 6*f - 4. What is s(g)?
1
Let t(p) = -2*p + 12. Suppose -3*s = 157*z - 160*z - 48, -2*s + 37 = -3*z. Calculate t(s).
-10
Let g = 1552 - 1553. Let s(i) = 7*i**2 + 2*i. Determine s(g).
5
Let y(c) = -149*c - 7 + 76*c + c**2 + 8 - 4*c**3 + 74*c. Let g be (-1)/2 + (-3)/6. What is y(g)?
5
Let o(t) = -4*t - 1. Suppose 9*z - 10 = 8. Let i be 170/45 + -3 - z/(-9). Determine o(i).
-5
Let n(o) = 4*o + 2. Let k(b) = -11*b**3 - 2*b**2 - 2*b - 1. Let s be k(-1). Suppose -2*p + s = -7*p + 3*y, 6 = -3*p + 3*y. What is n(p)?
-6
Let r(n) = -n + 6. Let t be (-4)/(-30) - (-931)/105. Give r(t).
-3
Let f(n) = 2*n**2 - 2. Let s(g) = 22*g**2 + 6*g - 20. Let m(r) = 12*f(r) - s(r). Give m(5).
16
Let l(u) = -2*u + u + 12 - 17 + 6. Calculate l(-2).
3
Let p(z) = -3*z + 6. Suppose 6 + 19 = -5*o. Let i = -126 + 122. Let n(k) = 4*k - 5. Let w(t) = i*n(t) + o*p(t). What is w(-6)?
-4
Let q(k) = k**3 + 8*k**2 - 6. Let z be q(-8). Let t be 3/6 + z/(-4). Suppose 4*m + 26 = t. Let w(n) = -n**3 - 5*n**2 + 4*n - 5. Determine w(m).
7
Let r be (35/20)/((-2)/(-8)). Let l be (-8 + 4)/1 + r. Let i(u) = u**3 - 3*u**2 - u - 3. What is i(l)?
-6
Let i(x) = x**3 - 6*x**2 + x - 3. Let k(n) = -n**3 - 7*n**2 + 19*n - 3. Let f be k(-9). Let j be 10 + f + (-8)/(-1). Determine i(j).
3
Let v be (-161)/(-147) - 1 - 1/(-14). Let p(z) be the second derivative of -7*z + 0*z**2 + 0 - 13/12*z**4 - v*z**3. Calculate p(1).
-14
Let g = -21 + 25. Let s(l) be the first derivative of -l**5/120 - l**4/6 - 7*l**3/3 - 11. Let d(w) be the third derivative of s(w). Give d(g).
-8
Let q(t) = -2*t**3 + 2*t**2 + t - 1. Suppose 0 = 6*b - 4*b. Suppose b*w - 5*w = -10. What is q(w)?
-7
Let o(f) be the second derivative of 3*f - 1/120*f**6 - 9/2*f**2 + 1/10*f**5 + f**3 - 1/12*f**4 + 0. Let r(s) be the first derivative of o(s). Give r(6).
-6
Let g = 15 - 11. Suppose 5*z + 5*y = 0, -g = -4*z - 3*y + y. Let j(d) = -d**2 + d + 2. Give j(z).
0
Let k = 138 + -136. Let u(p) be the second derivative of 1/2*p**2 + 1/2*p**3 + 0 + 1/3*p**4 - k*p + 3/20*p**5. Calculate u(-2).
-13
Let j(b) = 6*b**2 + 11*b. Let u(p) = -7*p**2 - 12*p + 1. Let d(w) = 6*j(w) + 5*u(w). Determine d(-6).
5
Suppose 4*o = -5*f + 239, -3*f = 1 - 10. Suppose 3*i - 2*z - 16 = 0, 3*z + o = 5*i + 7*z. Let y(x) = -x**2 + 10*x + 7. Determine y(i).
23
Let f(k) = k**3 - 6*k**2 - 8*k + 4. Let m(x) = x**3 + 3*x**2 - 6*x - 11. Let l be m(-3). Determine f(l).
-3
Suppose -k - 12 = 3*k. Let o be (3 - 1) + k + 3. Let r(w) be the third derivative of 7*w**4/24 - w**3/3 - 16*w**2. Give r(o).
12
Let i(l) be the second derivative of l**4/12 - l**3/6 - 3*l**2/2 - 2*l - 18. What is i(-6)?
39
Let i(y) be the third derivative of y**4/24 + 3*y**3/2 - 5*y**2 + 11. What is i(-7)?
2
Let f(s) = 53*s - 2. Let n(m) = -39*m + 2. Let z(a) = -3*f(a) - 4*n(a). Give z(2).
-8
Let f(n) = n**3 + 6*n**2 - 6*n + 8. Suppose -j - 8 = -1. Give f(j).
1
Let s(z) be the second derivative of -z**3/2 + z**2/2 - 2*z. Suppose -7*m = 2*g - 2*m + 2, -3*g = -m - 14. Suppose -18 = -g*p - 30. What is s(p)?
10
Let k(n) = -2*n**3 + n**2 - 1. Let c(l) = -3*l**3 - 3*l**2 + 6*l + 1. Let y(u) = c(u) - k(u). Calculate y(-5).
-3
Let k(x) = -x**3 - 11*x**2 + 101*x + 6. Let l be k(6). Let r(d) = d**2 + 31. Determine r(l).
31
Let l(p) = -4*p**2 + 5*p**2 + p + 0*p**2 - 2 + 2*p. Give l(-3).
-2
Let v(i) = 2*i**2 - 3*i. Let k be v(2). Let n = -7 - -10. Let f(o) = -k*o - 2*o**3 + 4*o**3 - n*o**3 - 5*o**2. Give f(-2).
-8
Let s(u) = -12 + 9 - 103*u + 104*u. Calculate s(9).
6
Let j(s) = -3*s**3 - 2*s**2 + s + 2. Let b = -1354 - -1353. Calculate j(b).
2
Let h(z) = -z**2 + 9*z - 10. Let p be (-18)/(-36)*(-3)/(6/(-28)). Determine h(p).
4
Let h(v) = 2*v. Let j be h(-2). Suppose -3*q + 94 = 82. Let o(p) = 2*p**3 - p**3 + q*p**2 + 261 - 260. Determine o(j).
1
Let u = 42 + -88. Let l = u - -45. Let j(o) = o + 1. What is j(l)?
0
Let v = 5 - 5. Suppose a - 6 = -v*a. Let z(m) = 7*m**3 + 5*m**2 - 10*m - 24. Let w(k) = -3*k**3 - 3*k**2 + 5*k + 11. Let g(h) = 9*w(h) + 4*z(h). What is g(a)?
-3
Let w(p) be the first derivative of -7*p**2/2 + 5*p - 557. Give w(-7).
54
Suppose -2*q + 7 - 3 = 0. Let j(u) be the first derivative of -5*u**q + 4*u**2 - 1 + 2*u + u - 1. Calculate j(-3).
9
Let d(j) = -j**3 + 5*j**2 - 2*j + 12. Let i(r) = -r**2 + 14*r - 35. Let z be i(4). Calculate d(z).
2
Let s(n) be the first derivative of n**6/360 + 7*n**5/120 + 3*n**4/8 + 5*n**3 - 16. Let f(q) be the third derivative of s(q). Determine f(-6).
3
Let b(w) = w + 12. Let c = -53 - -55. Let z be (-2 + c + 1)/(-1)*9. Give b(z).
3
Let t be (-6)/(((-24)/(-9))/(-4)). Let y(p) = -t + p + 8 + 9. Calculate y(0).
8
Let c(k) = 2*k**2 + 5*k - 6. Let q(i) = -5*i**2 - 10*i + 12. Let l(y) = y**2 - 8*y - 6. Let j be l(9). Let r(x) = j*q(x) + 7*c(x). Calculate r(5).
-6
Let p(j) = j**2 - 29*j - 23*j + 63*j - 5*j + 2. Let a = -18 + 12. What is p(a)?
2
Let x(s) = -5*s**3 + 2*s**2 + 3*s + 11. Let d(c) = 27*c**3 - 9*c**2 - 13*c - 57. Let o(m) = 2*d(m) + 11*x(m). What is o(6)?
-23
Let s(c) be the second derivative of c**4/12 + 5*c**3/3 + 9*c**2/2 - 1592*c. Suppose -4*y - 3*p = 19, 3*y + 4*p + 0 = -9. What is s(y)?
-12
Let n(m) be the third derivative of -m**8/6720 - m**7/840 + m**6/360 - m**5/30 - m**4/2 + 11*m**2. Let w(h) be the second derivative of n(h). Calculate w(-3).
-10
Let c(k) = -k**2 + 11*k - 2. Let b(g) = 10*g - g**2 - 5 + 5 - 2. Let w(q) = 3*b(q) - 2*c(q). Calculate w(6).
10
Let r(f) = -14 + 6 + f**2 + 0*f**2 - 5*f. Let b = 1024 + -1018. Calculate r(b).
-2
Let r(p) = -p + 2. Let o(c) = c - 1. Suppose 12 = -13*l + l. Let z(s) = l*r(s) - 2*o(s). What is z(3)?
-3
Let r = 52 + -21. Suppose r = -5*g - 4. Let n(l) = 4*l + l**2 + 3*l + 6*l - 5*l. Determine n(g).
-7
Let f(y) = y**3 - 34*y**2 + 65*y - 33. Let p be f(32). Let s(c) = 5*c**3 + 2*c**2 - 1. What is s(p)?
-4
Let i(p) be the first derivative of -5*p**3/6 + 3*p**2/2 + 8*p + 16. Let j(c) be the first derivative of i(c). What is j(5)?
-22
Let q = 83 - 46. Let u(t) = 2*t + 6. Let r be u(5). Let c(y) = 14 + r - q + y. Calculate c(5).
-2
Let l = 10 + -10. Let v = -4 + 9. Let z(c) = -3*c + 10 + 2*c + 5*c - v*c. Determine z(l).
10
Let y(r) = -137*r + 0 + 139*r - 2 + 5. Give y(9).
21
Let k(g) = -3*g**3 - 3*g**2 + 7*g. Let m(a) = -25*a**3 - 22*a**2 + 57*a. Let w(l) = -17*k(l) + 2*m(l). Determine w(-7).
35
Let j(u) = 200*u**2 - 3*u - 199*u**2 + 1 - 3. Determine j(3).
-2
Let i(f) = f**2 + 14*f + 7. Let x = -155 - -142. Give i(x).
-6
Suppose 2*s = -5*g + 13, -5*s + 19 - 24 = 5*g. Let j(r) = -2*r + 3. Determine j(s).
15
Suppose 0 = -5*p + i + 58, 2*p - 7*p = -3*i - 54. Let b(k) = k**3 + 0*k - 6 - 2*k - k + p*k**2 - 8*k**2. Calculate b(-4).
6
Suppose -j + 3*a = -5*j + 11, 3*a = -9. Let x(y) = -y + 11. Determine x(j).
6
Let v(n) =